= -3*v + 0*v**3 + v**3 + 0*v**3 - 5*v**2 + 0*v**3 - 8. What is n(6)?
10
Let z(s) = s**3 + 4*s**2 - s. Let l be (-15)/(-10) + (-23)/2. Let c = -14 - l. Give z(c).
4
Let q(r) = -r**2 - 2*r - 1. Let k be q(-1). Let h be (1*-2)/(1 + k). Let y be (-2 - (-15)/6)*h. Let w(x) = -x**3 - 2*x - 1. Determine w(y).
2
Let o(j) = -2*j**2 + 3*j + 4. Suppose -3*b - 2*q + 0*q = -3, 0 = -4*b + 3*q - 13. Let p(d) = 5*d**3 + 2*d**2 + d. Let y be p(-1). Let i = b - y. What is o(i)?
-5
Let g be (-2)/9 + (-112)/(-18). Let v = -2 + g. Let t(i) = -1 - 3 + v*i + 3. Give t(-1).
-5
Let x(n) = 2*n - 3*n**2 + 49 - 47 + n**2 + n**3. Suppose 0 = -4*w - 0*f + 2*f + 10, -w = 4*f + 2. Suppose 10 = 4*t - w*o + 4*o, -4*t - o + 9 = 0. What is x(t)?
6
Let z(w) = -w**3 + 2*w + 1. Let p be z(-1). Let h(x) = 3 + p*x - 2*x + 5*x. Calculate h(-3).
-6
Let p(n) be the second derivative of -n**6/120 - n**5/10 - 7*n**4/24 - 5*n**3/6 + n**2/2 + 4*n. Let z(a) be the first derivative of p(a). Calculate z(-4).
-9
Let d(z) = 9*z**2 + 9*z - 6. Let r(y) = 3*y**2 + 3*y - 2. Let q(o) = 2*d(o) - 7*r(o). Let p(n) = n**2 + n. Let c(v) = -4*p(v) - q(v). Calculate c(-2).
-4
Let b(m) = -m**2 - 2. Let i(a) = a**3 + 9*a**2 + 7*a - 5. Suppose -w + 2 - 10 = 0. Let x be i(w). Suppose 3*y = -4*u - 22, x*u + 14 = -4*y + 3*y. Give b(y).
-6
Let i(c) = -5*c**2 - 12*c. Let n(l) = 2*l**2 + 6*l. Let m(s) = -3*i(s) - 7*n(s). Calculate m(6).
0
Let i(m) = -m + 472 - 3*m**2 + m**3 - 3*m - 473. What is i(3)?
-13
Let v(t) = -3*t**3 - 5*t. Let y(m) = -2*m**3 - 3*m. Let g(r) = -3*v(r) + 5*y(r). What is g(0)?
0
Let i be 2 + 5/(15/(-6)). Let r(q) = -q + i + q + 4*q + 3. Calculate r(-3).
-9
Let g(a) = -a**2 - a. Let q be g(1). Let i(d) = 2*d**2 + 3*d. Calculate i(q).
2
Let h(g) be the third derivative of -3/20*g**5 + g**3 - 7/24*g**4 - 1/120*g**6 + g**2 + 0 + 0*g. Let q be h(-8). Let b(p) = -p**2 + 2*p + 2. Give b(q).
-6
Let g = 61 + -41. Suppose -5*k = g, -3 = 3*f - 4*k - 4. Let y(z) = z**3 + 5*z**2 + z + 6. Determine y(f).
1
Let p be (-3 - -1)*(-20)/8. Let j be (1 + (-3)/p)*5. Let b(c) = -2*c - 4*c**2 - c**3 - 4*c**j + 5*c**2. Determine b(-3).
6
Let m(k) be the second derivative of 7/2*k**2 - 1/2*k**3 + 0 - k. Let d be (-51)/17 + 7 + 1. Calculate m(d).
-8
Let y(r) be the first derivative of -r**3/3 + 5*r**2/2 + 5*r - 8. Let p(j) be the first derivative of y(j). Give p(7).
-9
Let w(u) = -u**2 + 2*u + 4. Suppose -3*l = 5*t - 25, 3*l = -0*t + t - 23. Let m = -3 + t. Suppose 2*x - 6 = d, -2*d - m - 2 = -3*x. Give w(d).
-4
Let k(b) = -11*b**2 - 1. Suppose -5*r + 5*n - 10 = 0, n - 11 = -5*r - n. Suppose 5*t - d = 6, 0 = -5*t - d + 3 + r. Determine k(t).
-12
Suppose -3*h - 25 = 5*d - 0*h, h - 5 = 5*d. Let s = 6 + d. Let x(w) = -2*w + 5. What is x(s)?
-3
Suppose -12 = 5*i + 5*n + 13, -5*i - 21 = 3*n. Let h be -12*-1*i/(-9). Let x(c) = -c**3 + 5*c**2 - 6*c + 3. Give x(h).
-5
Let w(m) = -95*m**2 - 3*m - 1 + 94*m**2 - 14 + 15*m. Give w(10).
5
Let i be (-13 + 4)*2/(-9)*-3. Let b(f) = f + 8. Give b(i).
2
Let l(q) = q**3 - 4*q**2. Let c(j) = 3*j**2 + 6*j - 8. Let s(x) = -5*x**2 - 13*x + 17. Let y(r) = -7*c(r) - 4*s(r). Let u be y(8). What is l(u)?
0
Let g(h) = -2*h + 7. Let w(l) = l - 3. Let j(k) = -2*g(k) - 5*w(k). Give j(-8).
9
Let w(a) = -4*a**3 - a - 4. Let h(q) = 3*q**3 + q + 4. Let i(b) = -5*h(b) - 4*w(b). What is i(0)?
-4
Let v be ((-8)/(-12))/(2/(-12)). Let s(l) = l**2 + 3*l - 1. Calculate s(v).
3
Let c(b) = 14*b**2 + 2*b - 20. Let g(p) = 5*p**2 + p - 7. Let t(y) = -6*c(y) + 17*g(y). Calculate t(-5).
1
Let r(a) be the third derivative of -a**9/60480 + a**8/2880 - a**7/840 + a**6/120 - a**5/12 - 2*a**2. Let j(k) be the third derivative of r(k). Determine j(6).
6
Let c(d) be the first derivative of d**4/4 - d**3/3 + 11*d + 10. What is c(0)?
11
Let g(i) = 3*i**2 + 3*i + 3. Let v(h) = 16*h**2 + 14*h + 14. Let a(n) = -11*g(n) + 2*v(n). Let q(o) = o**2 - 4*o - 1. Let m be q(3). What is a(m)?
-1
Let t = -2 + 1. Let l(o) be the third derivative of -o**5/30 + o**4/12 + o**3/6 - 2*o**2. Calculate l(t).
-3
Let c(n) = 0*n + 0*n + n**2 - n - 12. Determine c(0).
-12
Let d(i) be the first derivative of -1/360*i**6 - 7/24*i**4 + 1/15*i**5 + 0*i**2 - 4/3*i**3 - 2 + 0*i. Let n(a) be the third derivative of d(a). Calculate n(6).
5
Let z(f) = -f + 3. Let w(s) = s**2 - s + 1. Let k be w(2). Suppose 3*l - 21 = -k*q, 4*l - 1 = 3*l + 2*q. Give z(l).
-2
Let m(j) = -5*j**2 - 17*j + 12. Let s(n) = 2*n**2 + 8*n - 5. Let g(r) = 4*m(r) + 9*s(r). Determine g(-2).
-13
Let q be -1 + 5/((-15)/6). Let k be 0 + q/(-3) + -1. Let y(o) = 0*o - 1 + k*o - 6*o**2 + o. What is y(1)?
-6
Let b = 6 - 0. Let m(d) = -b + 13*d + 1 - 4*d**2 + d**3 - 6*d - 2*d**2. What is m(4)?
-9
Let l(z) = 2*z - 5 - 8 + 12. Give l(-4).
-9
Let u = -3 - -4. Let q(g) = -g**2. Let m(b) be the first derivative of -b**4/4 + 7*b**3/3 - 2*b**2 - b - 2. Let l(o) = u*m(o) + q(o). Calculate l(5).
4
Let m(y) be the third derivative of y**6/120 - y**4/24 - y**3/3 + 8*y**2. Let w = -1 + 3. Give m(w).
4
Let h(i) = -i - 4. Suppose 2 = -r, 3*n + 0*r + 4*r - 7 = 0. Determine h(n).
-9
Let c(j) = -7*j**3 + 2*j**2 + 5*j + 3. Let l(q) = -6*q**3 + 2*q**2 + 5*q + 3. Let h(s) = 5*c(s) - 6*l(s). Calculate h(4).
9
Let i(b) = b. Let l(g) = g**2 - 8*g + 5. Let s(a) = -2*i(a) - l(a). Let y be (-3)/(0 + 9/(-24)). Suppose -22 - y = -5*o. What is s(o)?
-5
Suppose 0 = 3*j + 4*u + 32, 0*u = -2*j - 5*u - 33. Let g be 198/(-55)*5/(-3). Let c(t) = -3*t - g + 4*t**2 - 3*t - 5*t**2. Calculate c(j).
2
Let j(i) = i - 2. Let a(z) = 2*z**2 + 3*z + 1. Let b be a(-1). Determine j(b).
-2
Let l(n) be the third derivative of -1/6*n**3 + 5*n**2 + 0*n + 1/12*n**4 + 0. Give l(-2).
-5
Let b(c) = 3*c - 2. Suppose -m + 2*o + 5 + 0 = 0, -5*o = 0. Give b(m).
13
Let p(y) = -3 - 10 + 9 + 3*y - 1. Give p(4).
7
Let x(d) = -4*d - d**3 - 5*d**2 + 4 + 4*d + 6*d. Let g(u) = -u**2 + 3*u + 4. Let t be g(5). Determine x(t).
4
Let z(k) be the first derivative of k**3/3 + k**2/2 + 14*k + 16. What is z(0)?
14
Let t(q) = q**2 - 12*q + 13. Let z be t(11). Suppose -n = 3*n - 20. Let w(b) = -z + 3*b - 2*b - 1 - n. Determine w(4).
-4
Let a(y) = -2*y**3 + 3*y**2 + 1 - 4*y**2 + y**3 - 2*y**2. Calculate a(-1).
-1
Let i be (-12)/(-2)*4/6. Let n be (-2)/i - 7/(-2). Let k(a) be the third derivative of a**5/30 - a**4/8 + a**3/3 + 12*a**2. Calculate k(n).
11
Suppose -38 + 8 = -5*b. Let r(a) = a**2 - 6*a + 3. Determine r(b).
3
Let t be 68/(-12) - (-1)/(-3). Let a(j) = -j**2 + 5*j + 9. Let y(v) = 2*v**2 - 4*v - 10. Let k(m) = -3*a(m) - 2*y(m). Determine k(t).
-1
Let p(d) = -8*d**2 + 4*d - 1. Let r be p(1). Let x(n) = n + 11. Calculate x(r).
6
Suppose -36 = -7*y + 4*y. Let u(p) = -p + 3. What is u(y)?
-9
Let q(k) = -5*k**3 - 5*k**2 + 5*k + 13. Let l(j) = j**3 + j**2 - j. Let p(m) = 6*l(m) + q(m). Give p(0).
13
Let o(b) = -b**2 + 1. Let l(t) = 3*t**3 + 7*t**2 - 2*t - 4. Let a(w) = -l(w) - 5*o(w). Let i be (1/(-2))/((-2)/4). Give a(i).
-4
Suppose 3*x + 4 = x + 3*w, -3 = 5*x - 4*w. Let f(t) = 6*t**3 + t**2 - t. Determine f(x).
6
Let j(m) = -m + 9. Let a(z) = -6*z + 44. Let o(q) = -2*a(q) + 11*j(q). Suppose -2*s - 3*s = 25. What is o(s)?
6
Suppose -2 = -5*d + 18. Let h(g) = -4*g - d - g + 4*g + 2*g. Let y be (-19)/7 + 4/(-14). Give h(y).
-7
Let q(x) be the first derivative of 0*x**2 + 1/12*x**4 + 2*x + 1 - 2/3*x**3. Let h(c) be the first derivative of q(c). Determine h(2).
-4
Let d(x) = 5*x**3 + 1. Let w(b) = -b + 3. Let q(h) = -1 - 7 + 2*h + 0*h. Let n be q(6). Let v be w(n). Give d(v).
-4
Let l(k) = 2*k. Suppose 0 = 4*h - 3*h. Suppose t - 3 + 2 = h. What is l(t)?
2
Let h(r) be the second derivative of -1/2*r**2 + 0 - 7*r - 1/6*r**3 + 1/2*r**4. What is h(-1)?
6
Let j(r) = -r**2 + 6*r - 6. Let k = 8 - 8. Let i be 10 + -6 - (k + -1). Determine j(i).
-1
Let u be (-4)/(1/(-1 + 0)). Let t = u - 3. Let o be (3/t + -1)*-1. Let m(c) = c + 1. Calculate m(o).
-1
Let q(b) = 3*b**3 - 6*b**2 - 9*b + 5. Let i = 8 - 4. Suppose d = -i - 3. Let h(x) = 10*x**3 - 19*x**2 - 28*x + 16. Let g(a) = d*q(a) + 2*h(a). What is g(5)?
7
Let f(g) = 1 + 2*g + g + 3*g. Let x(n) = n**2 + 13*n + 11. Suppose 23 = -2*h - 1. Let i be x(h). What is f(i)?
-5
Let u(z) = z + 14. Suppose 4*v = -5*k - 1 - 33, 4*k + 28 = -3*v. Give u(k).
4
Let q(o) = o**3 - 11*o**2 + 9*o + 5. Suppose 0 = 2*t + p - 2*p - 6, 4*t - 12 = -4*p. L